 s(t) = 3*t**3 + 15*t**2 - 8*t - 12. Let y be s(k). Calculate the greatest common factor of 252 and y.
28
Let g(w) = 3*w + 11. Let x = -89 + 90. Let l be 3/4*4 - (x - -4). Let h be g(l). Calculate the greatest common factor of h and 45.
5
Suppose -5*x + 4*v + 579 = 0, 2*x + 20*v - 17*v - 250 = 0. Suppose -x = -7*k - 0*k. What is the greatest common factor of k and 459?
17
Suppose -2 = u, 3*u = -4*i - 0*u - 2. Let f be (i*-99)/((-48)/32). Suppose j + f = 4*j. What is the highest common factor of 154 and j?
22
Suppose -4*s - 264 = -10*s. Let c = s + 65. Let n = c - 107. Calculate the greatest common divisor of n and 5.
1
Suppose 75 = 8*a - 3*a. Suppose -4*p - 4*t = -504, 0 = p + 16*t - 17*t - 114. What is the highest common divisor of p and a?
15
Suppose 42 = 2*b - 3*n, 142*b + 20 = 143*b - n. What is the highest common divisor of 18594 and b?
18
Let s(b) = 974*b**2 - 3*b. Let o be s(1). Let r = o - 581. Calculate the greatest common factor of 156 and r.
78
Suppose -4*l = -x - l + 3180, -4*l + 9488 = 3*x. Let p be x/90 + 4/5. What is the greatest common divisor of 24 and p?
12
Let y be (-1154)/(-5) + (45/25)/9. Let p = -182 + y. What is the highest common factor of p and 147?
49
Suppose -6*i + 469 = i. Suppose 0 = -49*p + 265*p + 34 - 250. What is the highest common factor of i and p?
1
Let h(j) be the first derivative of 37*j**4/4 + j**2 + j + 5. Let g be h(-1). Let l = -37 - g. Calculate the highest common divisor of 9 and l.
1
Suppose -134*z = -129*z - 735. Let r = z - 112. Calculate the greatest common factor of 25 and r.
5
Let l be (4122/45)/(4/(19 + 1)). Suppose l + 352 = 5*v. What is the greatest common divisor of v and 18?
18
Let n = -6135 + 6137. Suppose 8 = 3*k - 4. Suppose 4*d + 88 = k*s, n*s - 49 = 5*d - 8. What is the greatest common divisor of s and 23?
23
Suppose 24*c - 21*c - o - 45 = 0, -5*c + 74 = -2*o. What is the highest common divisor of c and 4136?
8
Suppose -5*k - 1297 = -o + 4*k, -o - 5*k = -1353. What is the highest common factor of o and 215?
43
Let o be (8/(-4))/(8/(-16)) + 101. Suppose 3*j - 178 = -g + 5*j, j + 5 = 0. Calculate the greatest common divisor of g and o.
21
Let b = -3032 + 3054. What is the greatest common factor of 682 and b?
22
Let b(i) = i**3 + 28*i**2 + 181*i + 118. Let g be b(-14). Suppose -2*o + 94 = 5*n - n, 2*n + 117 = 3*o. Calculate the highest common divisor of g and o.
41
Let y = -28 + 30. Suppose 0 = -y*i + 5*i + 54. Let g be 6/i - (0 + (-146)/6). Calculate the highest common factor of g and 36.
12
Suppose -35*r = -24*r - 1386. Let y be ((-6)/(-4))/(r/672). Let w(k) = -k**3 + 4*k**2 + 2. Let p be w(4). What is the highest common factor of p and y?
2
Let k = -384 + 180. Let g = -194 - k. What is the highest common factor of 260 and g?
10
Suppose -39*d + 35*d - 4*r + 728 = 0, 5*d - 3*r - 910 = 0. Suppose 4*s + 14 = 5*s. Calculate the greatest common divisor of s and d.
14
Suppose -32*s - 374 = -49*s. Calculate the greatest common divisor of s and 5302.
22
Let z = 50 - 44. Let p(v) = -2*v**2 + 14*v - 2. Let w be p(z). Let s be ((-38)/w)/(168/35 - 5). What is the highest common divisor of 19 and s?
19
Suppose 2*y - 3*a - 276 = 0, 0*y + 2*a + 138 = y. Calculate the greatest common divisor of 115 and y.
23
Let r be -1*1/(-2)*0. Suppose -5*z - p + r*p + 245 = 0, -5*p + 73 = z. Let c = -74 - -146. Calculate the highest common divisor of c and z.
24
Suppose 14980 + 35735 = 49*o. Calculate the highest common divisor of o and 920.
115
Let n = -165506 + 165520. Let q = -3 + 5. Calculate the greatest common divisor of q and n.
2
Let v = -27351 + 27425. What is the greatest common factor of v and 394?
2
Let c = -53 + 104. Let q = -137 + -24. Let j = -144 - q. Calculate the greatest common divisor of c and j.
17
Let k(z) = -7*z**3 + 2*z**2 + 3*z. Let v be k(-2). Let j(o) = -15*o**3 - 10*o**2 - 86*o - 196. Let w be j(-3). What is the greatest common factor of v and w?
29
Let a = -557 + 853. Suppose -14*w = 2*w + 32. Let u(c) = -5*c**3 - 2*c**2 - 5*c - 5. Let v be u(w). What is the greatest common factor of a and v?
37
Suppose 0 = -3*c + 5*g + 208, 10*c = 7*c + 3*g + 210. Suppose -49 = -3*a + c. Calculate the greatest common divisor of 50 and a.
10
Let f be 337/4 + 4/(-16). Suppose -2*h = -3*h + 9. Suppose h*m - 5*m = 112. Calculate the greatest common factor of f and m.
28
Suppose -10419*p = -10410*p - 41724. What is the greatest common divisor of p and 76?
76
Let l(y) = 3*y**2 + 5*y + 4. Let w be l(-2). Suppose 5*x + w*x - 66 = 0. Suppose 510 - 180 = x*v. What is the highest common divisor of v and 5?
5
Suppose -25*q + 13 = -21*q - k, 2*q + k = 17. Let a be 83/(-9) + (-4)/(-18). Let b be a/((q/1)/(-5)). What is the greatest common divisor of 99 and b?
9
Suppose -1132 = -20*u - 372. Let c be (-18)/(-10) - 11/(-55). Suppose 2*z + 1212 = 4*a, -3*z - 538 = -c*a + 64. Calculate the highest common divisor of a and u.
38
Suppose -2*j + 104 + 152 = 0. Suppose -15*q - 51 = -171. What is the highest common divisor of j and q?
8
Let m be ((-60)/16)/((-165)/1848). Suppose -g + 14 = -7. Calculate the greatest common factor of m and g.
21
Suppose -181 = -3*u + 416. Let m = u + -196. What is the greatest common divisor of 87 and m?
3
Let z(v) = 3*v + 32. Let r be z(-5). Let f = r + 0. Calculate the highest common factor of f and 17.
17
Let g = 11 + 1. Let m be (-3)/g - (-885)/(-12). Let z be (35/10)/(-7)*m. What is the highest common divisor of z and 111?
37
Suppose 0 = -109*i - 562 + 17239. What is the highest common divisor of i and 189?
9
Let r(p) = 13*p**2 + 902*p - 7139. Let k be r(8). What is the highest common divisor of 14241 and k?
303
Suppose -13 = 4*c + 2*b - 21, 0 = -b - 8. What is the greatest common divisor of c and 1318?
2
Let y(i) = -4*i + 3. Let n be y(-3). Let j(h) = 108*h - 1173. Let l be j(11). Calculate the greatest common divisor of n and l.
15
Let x(c) = 31*c - 14. Let i be x(1). Suppose i*p - 3635 = 2111. Calculate the highest common divisor of p and 26.
26
Let q be -3*2/(-6)*5. Suppose 0 = -44*u + 43*u + 4. Suppose q*h - 154 = -u*b, 5*h = 4*b - b - 98. Calculate the highest common divisor of b and 4.
4
Suppose p - 2*h = 512, -4*p = -5*h - 724 - 1339. Calculate the highest common divisor of p and 171.
9
Let x = 295 + -291. Suppose -a + 25 = -g, 0 = x*g - 0*g. What is the greatest common divisor of 5 and a?
5
Let i(x) = -91*x - 14. Let w be i(2). Let h = -128 - w. Calculate the greatest common divisor of 17 and h.
17
Let v be (-1)/3*(-5655 + -19 + 40). Calculate the greatest common factor of v and 4069.
313
Let s = -27580 + 27626. Calculate the highest common factor of s and 17986.
46
Let u = -147844 + 147914. Let s = -793 + 1563. What is the greatest common factor of s and u?
70
Suppose -3*z + 37659 = y, -689*z - 37635 = -692*z - 5*y. What is the highest common divisor of z and 9?
9
Suppose 4*z - 5 = 3*y - 6, -3*z - y = -9. Suppose 6*d - 2*d + 284 = z*t, 4*d + 564 = 4*t. Calculate the highest common divisor of t and 84.
28
Let x(t) = 3*t**3 + 4*t**2 + t - 2. Let a be x(-2). Let b = -3 - a. Let l = -9322 - -9328. What is the highest common divisor of l and b?
3
Suppose 0 = -129*u - 35161 + 107917. What is the greatest common divisor of 60 and u?
12
Let t = 9 + -2. Let m(c) = -c**3 + c**2 - 5*c - 18. Let q be m(-3). Suppose -q*k + 36*k = 147. Calculate the highest common divisor of k and t.
7
Let m = -69 + 214. Let q = m + 175. Let l be (-1 - -3)/(944/18880). What is the highest common factor of l and q?
40
Let j be ((-1)/(-4)*46*2)/1. Let k = -5 + j. Let x = 71 - 44. Calculate the greatest common divisor of x and k.
9
Let o be -3 + 285/9 - 4/6. Let p be ((-24)/o)/3 - (-48)/21. What is the highest common factor of 3 and p?
1
Let u be (1530/60 - 27)/((-3)/8). Let q be -1 + (-2 + 2 - -35). Let i be 0 + (q/1 - -2). Calculate the highest common divisor of u and i.
4
Suppose 0 = -3*d + 5*w + 3720, 5*d - 195*w = -192*w + 6120. Let m be ((-5)/(-2))/(1/18). What is the greatest common divisor of d and m?
45
Suppose -30*p + 865 = -2173 + 728. What is the highest common divisor of 217 and p?
7
Let p = -838 - -863. Calculate the highest common factor of 1775 and p.
25
Let d(x) = -7*x - 36. Let z be d(-3). Let b be -7*z/70*(-26)/(-3). Calculate the greatest common divisor of 1 and b.
1
Suppose 310 = 4*y + 2*